 What is the tens digit of s(4)?
4
Let k(z) = -31*z - 1. What is the tens digit of k(-1)?
3
Let j be -1 - -2 - 1/(-1). Let v = j - 4. Let a(i) = -2*i + 1. What is the units digit of a(v)?
5
Let i(l) = -l**2 + l + 1. Let z be i(5). Suppose -17 + 42 = -5*b. Let h = b - z. What is the tens digit of h?
1
Suppose 64 = 5*a - 2*f, 2*a + 0*f = 4*f + 16. Let v = -7 + a. What is the units digit of v?
7
Let g(j) = 5*j**2 - 3*j. Let x be g(2). Suppose -61 = -5*p + x. What is the units digit of -1 + -1 + p/3?
3
Suppose -3*q - 18 = 3*q. What is the tens digit of 4*(-26)/24*q?
1
Let k be 57/7 - (-4)/(-28). Let b(y) = -y**2 + 10*y - 7. What is the units digit of b(k)?
9
Let f(z) be the second derivative of -z**3/3 - z**2/2 + 2*z. What is the units digit of f(-5)?
9
What is the tens digit of ((-4)/12)/(1/(-135))?
4
Let x(c) = c**2 + 10*c + 7. Let o be x(-9). What is the units digit of 6 + o + 3 + -4?
3
Suppose -19*k + 13*k + 636 = 0. What is the units digit of k?
6
Let s be 5/20 - (-447)/4. Suppose -5*k = -3*u - s, 2*k + 5*u - 10 - 10 = 0. Let x = k - 10. What is the tens digit of x?
1
Suppose 2*k - k = 0. Let m = -13 - -18. Let i = m - k. What is the units digit of i?
5
What is the units digit of (13 - (-2)/1)/1?
5
Suppose 4*j = 3*d - 54 - 93, -2*d - j = -98. What is the units digit of d?
9
Let b(a) = -a + 15. What is the units digit of b(-13)?
8
Suppose 4*a = 4*y + 56, -3*a - 18 = 2*y - 0*y. What is the units digit of (-2 + -1)/(9/y)?
4
Let u be (-1 - -2)*-1*-5. Suppose 5*r = a - 1, -3*r - r + u = 5*a. What is the units digit of 0 + 27/3*a?
9
Let v(m) = m + 7. Let h be v(-5). Suppose h*j - 4*j = -22. What is the tens digit of j?
1
Let s(x) = -x + 6. Let b be s(5). Let u = b + -3. Let j(o) = 2*o**2 + 4*o + 2. What is the units digit of j(u)?
2
Suppose 2*h + 180 = 4*c, 2*c + 2*h - 116 + 32 = 0. What is the units digit of c?
4
Let l(z) = -z**3 - 9*z**2 - 8*z + 2. Let j be l(-8). What is the units digit of 7/(1/j*2)?
7
What is the units digit of (5/5)/(1/24)?
4
Let n(j) = -j**3 + j**2 - j + 39. Let u be (-2)/4*(3 - 3). What is the units digit of n(u)?
9
Let t(q) = q**3 + 8*q**2 + 5*q + 3. What is the units digit of t(-3)?
3
Let k(m) = m + 4. Let p be k(-5). Let j be -17 + (p - 2/(-2)). Let f = -9 - j. What is the units digit of f?
8
Let c(a) = -1 + a + 7 + 1 - a**2 + 6. What is the tens digit of c(0)?
1
Let t = 6 + -4. Let p be (t/6)/(4/24). Suppose p*w - 6*w = -24. What is the units digit of w?
6
Suppose -2*b = -3*q - 22 - 152, 0 = 3*q - 12. What is the tens digit of b?
9
Let i(n) = n**2 - 16*n + 44. What is the units digit of i(13)?
5
Suppose -3*s + 29 - 11 = 0. Let m = s - 2. What is the units digit of m?
4
Let w be 2/(-8) + (-85)/(-20). Suppose 91 = w*q + 7. What is the tens digit of q?
2
Let c(q) = -3*q. Let i be c(-7). Let u = i - 12. Suppose -3*a - u = -6*a. What is the units digit of a?
3
Suppose -19 = -2*k + k. What is the tens digit of k?
1
Let c(z) = z**2 - 3*z + 20. What is the units digit of c(-7)?
0
Suppose -x = -4 + 2, 4*c - 4*x = -36. Let i(t) = -t**2 - 9*t - 5. What is the units digit of i(c)?
9
Let b(v) = -4 + 4 + 2*v - 3. Let z be b(6). What is the units digit of (4/6)/(6/z)?
1
Let v(b) = 7*b + 14. What is the units digit of v(18)?
0
Let r(p) = -2*p - 6. Let h be r(-5). Suppose h*d - 12 = 4*a, a = 3*a. Suppose u = d*i + 14, -5*u = 3*i + 2 - 18. What is the units digit of u?
5
Let x(r) = 4*r**2 + 2*r - 6*r - 3*r**2 - 7. What is the units digit of x(6)?
5
Let b = 1 + -3. Let j(g) be the third derivative of -g**4/12 + g**3/3 - g**2. What is the units digit of j(b)?
6
Let p = 3 - 0. Suppose v - p*m + 12 = -5*m, 0 = -4*v - 4*m - 36. What is the units digit of (-1)/3 + (-20)/v?
3
Let y = 12 + -2. What is the units digit of 12*(y/6 + -1)?
8
Suppose 0 = 14*b - 10*b - 396. What is the units digit of b?
9
Suppose -2*n = -z - 31, -n - 2*n + 5*z + 50 = 0. What is the units digit of n?
5
Let w = -149 + 242. What is the units digit of w?
3
Let i(c) = -17*c**3 + 6*c**2 + 9*c + 6. Let y(t) = 17*t**3 - 5*t**2 - 8*t - 5. Let h(m) = 6*i(m) + 7*y(m). What is the tens digit of h(1)?
1
Let o(b) = b**2 + 3*b + 3. Let z be o(-2). Let l be (-6)/(6*z/16). What is the units digit of 4/((l/22)/(-4))?
2
Suppose -4*s + 4 = -c, -4*c - 2*s = c + 42. Let o = c - -21. What is the units digit of o?
3
Suppose 2*g + 62 = 3*p - 4*p, -6 = 3*p. Let i = g + 63. What is the units digit of i?
3
Suppose 9*x - 10*x + 162 = 0. What is the tens digit of x?
6
Let k be 0/((-2)/(1 - 2)). Suppose k = 2*r - r - 12. What is the units digit of r?
2
Let l be 21/6 - 3/(-6). Suppose l + 0 = 2*q. What is the units digit of q?
2
Suppose k - 648 = -7*k. What is the units digit of k?
1
Let o = -1 - -3. Suppose 4*n + 40 = 4*q, -4*q - o = -3*q + 5*n. What is the units digit of q?
8
Let a(x) = -x**3 + 7*x**2 + 10*x - 12. What is the units digit of a(8)?
4
Suppose -7*l + 3*l + 240 = 0. Suppose 0 = -3*w + w + l. What is the tens digit of w?
3
Let g(k) = 7*k**2 + k. Let q be g(-3). Suppose 9*l - q = 6*l. What is the units digit of l?
0
Let l(k) = k**3 + 5*k**2 - 7*k - 7. Let y be l(-6). Let t be (y/(-3))/(2/6). Let w = t + 9. What is the units digit of w?
0
Let m(k) = k**2 + 2*k - 3. Let u be m(-4). Suppose -v + 13 = -0*b + 4*b, 2*v - u = -b. Suppose 2*s = -4*c + 20, b*s - c - 21 = 9. What is the tens digit of s?
1
Suppose -5*y = -3*i + 9, -2*y - 5*i + 3 + 12 = 0. Suppose 2*x - 3*h - 31 = y, 5*h - 20 = -4*x + 31. What is the tens digit of x?
1
Suppose 43 = 4*y - 1. Let m = y + -6. Suppose 24 = m*x - x. What is the units digit of x?
6
Let i(x) = -13*x + 1. Let p(y) = -26*y + 3. Let m(t) = 5*i(t) - 2*p(t). What is the tens digit of m(-1)?
1
Let o(m) = 8*m + 2. Let c(r) = -4*r - 1. Let h(p) = -5*c(p) - 2*o(p). What is the units digit of h(3)?
3
Let h = 4 + -2. Suppose 3*o = -2*o - h*t + 159, -2*t = 3*o - 93. Suppose 4*y - 3*w = o, -2*w - 2 = -4*w. What is the units digit of y?
9
Let j(s) = -5*s. Let u be j(1). Let k = 3 - u. What is the units digit of k?
8
Let b(d) = -3*d + 21. What is the units digit of b(5)?
6
Let s = -4 + 7. Let x = -7 - -9. Suppose -x*g - 19 = -w, -w + 1 = g - s. What is the units digit of w?
9
Suppose 1 = o - j, -6*j + 4*j + 4 = 4*o. Suppose 13 = w + 3*x, -5*x = -w - 4*x + o. Suppose -15 + 6 = -5*p + 3*r, w*r = p + 5. What is the units digit of p?
3
Let q(c) = c - 9. Let i be q(10). Let u = 10 + -1. Let k = i + u. What is the tens digit of k?
1
Let z(n) = -7*n + 50. What is the units digit of z(-8)?
6
Let o = -6 - -6. Suppose -2*n + 23 = p, 1 + 52 = 4*n - 5*p. Suppose o = 3*d + 9, -3*b + 2*d + n = d. What is the units digit of b?
3
What is the tens digit of ((-8)/32)/(2/(-776) + 0)?
9
Suppose -5*j + 35 = 10. Suppose 0 = -5*y + 30 - j. What is the units digit of y?
5
Let x = -10 + 37. What is the units digit of x?
7
Let a = 4 + -2. Suppose 3*g = 17 - a. What is the units digit of g?
5
Let h = -24 + 15. Let c(y) = -y**2 - 9*y - 7. Let n be c(h). What is the units digit of (-1)/1*(n + 2)?
5
Let b(y) = 2*y**2 + 2*y - 2. Let p be b(-2). What is the units digit of (30/(-9))/(p/(-3))?
5
Suppose -2*b - b + 9 = 0. What is the units digit of 13 + (-1)/(b/6)?
1
Let u be 2/(-3) - (-6)/9. Let l = u - -2. What is the units digit of l?
2
Suppose -3*v = -4*v, 5*r - 3*v - 40 = 0. Let p = 20 + r. What is the units digit of p?
8
Suppose -2*c = -7*c + 3*f + 63, -5*c = -5*f - 65. Suppose 4*z + z - c = -2*o, -o = z - 3. Suppose 0 = -2*b + 7 - o. What is the units digit of b?
3
Suppose -10*c = -188 - 802. What is the units digit of c?
9
Let i be (-9)/(-12) + (-13)/(-4). Suppose -5*x - i*h + 37 = 0, 0*x - x - 1 = -2*h. Suppose -78 = -x*b + 7. What is the units digit of b?
7
Let h = 27 - 18. What is the units digit of h?
9
Suppose -4*w = -6*w + 2*r + 4, -5*w + 4*r + 10 = 0. What is the tens digit of (17/w)/(11/66)?
5
Let g be 8/(-60) + 28/(-15). Suppose -1 = 3*k + p - 5*p, 0 = 5*k + 5*p + 25. What is the units digit of k + 6 - 6*g?
5
Let l = -15 - -160. What is the tens digit of l?
4
Let k be ((-12)/(-8))/(3/4). Suppose 0 = 4*g + 3*f - 67, 19 + 4 = g + k*f. What is the units digit of g?
3
Suppose -q - 4*c + 34 = 0, q - 5*c = 2*q - 35. What is the units digit of q?
0
Let u = -33 - -20. What is the units digit of (u/3)/((-13)/39)?
3
Suppose -3*b - 5*w = -2*b - 6, -5*b + 3*w = -2. Let l = 1 + b. What is the units